{"id":1683,"date":"2022-02-21T16:52:54","date_gmt":"2022-02-21T16:52:54","guid":{"rendered":"https:\/\/www.forummobil.ch\/ueber-uns\/"},"modified":"2022-03-17T12:16:06","modified_gmt":"2022-03-17T12:16:06","slug":"portrait","status":"publish","type":"page","link":"https:\/\/www.forummobil.ch\/fr\/portrait\/","title":{"rendered":"Portrait"},"content":{"rendered":"<div class=\"wpb-content-wrapper\"><p>[vc_row css=\u00a0\u00bb.vc_custom_1646301265349{margin-top: 30px !important;margin-bottom: 30px !important;}\u00a0\u00bb][vc_column][lab_heading title_tag=\u00a0\u00bbH1&Prime; title=\u00a0\u00bbForum Mobil: la plate-forme d\u2019information sur la t\u00e9l\u00e9phonie mobile en Suisse\u00a0\u00bb][\/lab_heading][\/vc_column][\/vc_row][vc_row css=\u00a0\u00bb.vc_custom_1646299500812{margin-top: 30px !important;}\u00a0\u00bb][vc_column width=\u00a0\u00bb1\/2&Prime;][vc_column_text]<strong>L\u2019utilisation de services num\u00e9riques est incontournable de nos jours et fait partie int\u00e9grante de notre quotidien. Elle est possible n\u2019importe o\u00f9 gr\u00e2ce \u00e0 la technologie de t\u00e9l\u00e9phonie mobile moderne. La plateforme d\u2019information Forum Mobil fournit \u00e0 toutes les personnes int\u00e9ress\u00e9es des informations factuelles.<\/strong><\/p>\n<p>Que ce soit pour \u00e9couter de la musique en route, acheter un billet de train avec une appli de transports publics ou appeler gratuitement nos proches avec un service de messagerie en Suisse et \u00e0 l\u2019\u00e9tranger, les services num\u00e9riques sont aujourd\u2019hui indispensables dans notre vie quotidienne.<\/p>\n<p>Il y a quelques ann\u00e9es encore, tout cela n\u2019\u00e9tait pas possible. La technologie s\u2019est d\u00e9velopp\u00e9e \u00e0 toute vitesse et, partant, la performance de nos r\u00e9seaux mobiles. Ce d\u00e9veloppement n\u2019est cependant pas encore achev\u00e9, nous sommes en plein milieu. L\u2019utilisation est en constante augmentation et par l\u00e0-m\u00eame le volume de donn\u00e9es. Pour que tout fonctionne demain aussi sans perturbations ni d\u00e9rangements, il faut de nouvelles technologies mobiles capables de transmettre plus rapidement des quantit\u00e9s de donn\u00e9es plus importantes.<\/p>\n<p>Les grandes innovations s\u2019accompagnent toujours d\u2019incertitude et de discussions quant \u00e0 la fiabilit\u00e9 et \u00e0 la s\u00fbret\u00e9 de nos technologies mobiles. La plateforme d\u2019information Forum Mobil fournit des informations factuelles sur le th\u00e8me de la t\u00e9l\u00e9phonie mobile pour que ces discussions puissent \u00eatre fond\u00e9es sur les faits.<\/p>\n<p>Forum Mobil est une plateforme d\u2019information de l\u2019asut, l\u2019Association Suisse des T\u00e9l\u00e9communications.[\/vc_column_text][\/vc_column][vc_column width=\u00a0\u00bb1\/2&Prime;][vc_single_image image=\u00a0\u00bb1659&Prime; img_size=\u00a0\u00bblarge\u00a0\u00bb alignment=\u00a0\u00bbright\u00a0\u00bb][\/vc_column][\/vc_row]<\/p>\n<\/div>","protected":false},"excerpt":{"rendered":"<p>[vc_row css=\u00a0\u00bb.vc_custom_1646301265349{margin-top: 30px !important;margin-bottom: 30px !important;}\u00a0\u00bb][vc_column][lab_heading title_tag=\u00a0\u00bbH1&Prime; title=\u00a0\u00bbForum Mobil: la plate-forme d\u2019information sur la t\u00e9l\u00e9phonie mobile en Suisse\u00a0\u00bb][\/lab_heading][\/vc_column][\/vc_row][vc_row css=\u00a0\u00bb.vc_custom_1646299500812{margin-top: 30px !important;}\u00a0\u00bb][vc_column width=\u00a0\u00bb1\/2&Prime;][vc_column_text]L\u2019utilisation de services num\u00e9riques est incontournable de nos jours et fait partie int\u00e9grante de notre quotidien. Elle est possible n\u2019importe o\u00f9 gr\u00e2ce \u00e0 la technologie de t\u00e9l\u00e9phonie mobile moderne. La plateforme d\u2019information Forum Mobil&hellip;<\/p>\n","protected":false},"author":5,"featured_media":0,"parent":0,"menu_order":0,"comment_status":"closed","ping_status":"closed","template":"","meta":{"_acf_changed":false,"inline_featured_image":false,"footnotes":""},"class_list":["post-1683","page","type-page","status-publish","hentry"],"acf":[],"yoast_head":"<!-- This site is optimized with the Yoast SEO plugin v27.4 - https:\/\/yoast.com\/product\/yoast-seo-wordpress\/ -->\n<title>Forum Mobil \u2013 plateforme d\u2019information sur la t\u00e9l\u00e9phonie mobile en Suisse<\/title>\n<meta name=\"description\" content=\"La plateforme d\u2019information Forum Mobil fournit des informations factuelles sur la t\u00e9l\u00e9phonie mobile en Suisse: des nouvelles normes \u00e0 l\u2019\u00e9tat actuel de la recherche.\" \/>\n<meta name=\"robots\" content=\"index, follow, max-snippet:-1, max-image-preview:large, max-video-preview:-1\" \/>\n<link rel=\"canonical\" href=\"https:\/\/www.forummobil.ch\/fr\/portrait\/\" \/>\n<meta property=\"og:locale\" content=\"fr_FR\" \/>\n<meta property=\"og:type\" content=\"article\" \/>\n<meta property=\"og:title\" content=\"Forum Mobil \u2013 plateforme d\u2019information sur la t\u00e9l\u00e9phonie mobile en Suisse\" \/>\n<meta property=\"og:description\" content=\"La plateforme d\u2019information Forum Mobil fournit des informations factuelles sur la t\u00e9l\u00e9phonie mobile en Suisse: des nouvelles normes \u00e0 l\u2019\u00e9tat actuel de la recherche.\" \/>\n<meta property=\"og:url\" content=\"https:\/\/www.forummobil.ch\/fr\/portrait\/\" \/>\n<meta property=\"og:site_name\" content=\"Forum Mobil\" \/>\n<meta property=\"article:modified_time\" content=\"2022-03-17T12:16:06+00:00\" \/>\n<meta name=\"twitter:card\" content=\"summary_large_image\" \/>\n<meta name=\"twitter:label1\" content=\"Dur\u00e9e de lecture estim\u00e9e\" \/>\n\t<meta name=\"twitter:data1\" content=\"2 minutes\" \/>\n<script type=\"application\/ld+json\" class=\"yoast-schema-graph\">{\"@context\":\"https:\\\/\\\/schema.org\",\"@graph\":[{\"@type\":\"WebPage\",\"@id\":\"https:\\\/\\\/www.forummobil.ch\\\/fr\\\/portrait\\\/\",\"url\":\"https:\\\/\\\/www.forummobil.ch\\\/fr\\\/portrait\\\/\",\"name\":\"Forum Mobil \u2013 plateforme d\u2019information sur la t\u00e9l\u00e9phonie mobile en Suisse\",\"isPartOf\":{\"@id\":\"https:\\\/\\\/www.forummobil.ch\\\/fr\\\/#website\"},\"datePublished\":\"2022-02-21T16:52:54+00:00\",\"dateModified\":\"2022-03-17T12:16:06+00:00\",\"description\":\"La plateforme d\u2019information Forum Mobil fournit des informations factuelles sur la t\u00e9l\u00e9phonie mobile en Suisse: des nouvelles normes \u00e0 l\u2019\u00e9tat actuel de la recherche.\",\"breadcrumb\":{\"@id\":\"https:\\\/\\\/www.forummobil.ch\\\/fr\\\/portrait\\\/#breadcrumb\"},\"inLanguage\":\"fr-FR\",\"potentialAction\":[{\"@type\":\"ReadAction\",\"target\":[\"https:\\\/\\\/www.forummobil.ch\\\/fr\\\/portrait\\\/\"]}]},{\"@type\":\"BreadcrumbList\",\"@id\":\"https:\\\/\\\/www.forummobil.ch\\\/fr\\\/portrait\\\/#breadcrumb\",\"itemListElement\":[{\"@type\":\"ListItem\",\"position\":1,\"name\":\"Home\",\"item\":\"https:\\\/\\\/www.forummobil.ch\\\/fr\\\/\"},{\"@type\":\"ListItem\",\"position\":2,\"name\":\"Portrait\"}]},{\"@type\":\"WebSite\",\"@id\":\"https:\\\/\\\/www.forummobil.ch\\\/fr\\\/#website\",\"url\":\"https:\\\/\\\/www.forummobil.ch\\\/fr\\\/\",\"name\":\"Forum Mobil\",\"description\":\"Willkommen\",\"potentialAction\":[{\"@type\":\"SearchAction\",\"target\":{\"@type\":\"EntryPoint\",\"urlTemplate\":\"https:\\\/\\\/www.forummobil.ch\\\/fr\\\/?s={search_term_string}\"},\"query-input\":{\"@type\":\"PropertyValueSpecification\",\"valueRequired\":true,\"valueName\":\"search_term_string\"}}],\"inLanguage\":\"fr-FR\"}]}<\/script>\n<!-- \/ Yoast SEO plugin. -->","yoast_head_json":{"title":"Forum Mobil \u2013 plateforme d\u2019information sur la t\u00e9l\u00e9phonie mobile en Suisse","description":"La plateforme d\u2019information Forum Mobil fournit des informations factuelles sur la t\u00e9l\u00e9phonie mobile en Suisse: des nouvelles normes \u00e0 l\u2019\u00e9tat actuel de la recherche.","robots":{"index":"index","follow":"follow","max-snippet":"max-snippet:-1","max-image-preview":"max-image-preview:large","max-video-preview":"max-video-preview:-1"},"canonical":"https:\/\/www.forummobil.ch\/fr\/portrait\/","og_locale":"fr_FR","og_type":"article","og_title":"Forum Mobil \u2013 plateforme d\u2019information sur la t\u00e9l\u00e9phonie mobile en Suisse","og_description":"La plateforme d\u2019information Forum Mobil fournit des informations factuelles sur la t\u00e9l\u00e9phonie mobile en Suisse: des nouvelles normes \u00e0 l\u2019\u00e9tat actuel de la recherche.","og_url":"https:\/\/www.forummobil.ch\/fr\/portrait\/","og_site_name":"Forum Mobil","article_modified_time":"2022-03-17T12:16:06+00:00","twitter_card":"summary_large_image","twitter_misc":{"Dur\u00e9e de lecture estim\u00e9e":"2 minutes"},"schema":{"@context":"https:\/\/schema.org","@graph":[{"@type":"WebPage","@id":"https:\/\/www.forummobil.ch\/fr\/portrait\/","url":"https:\/\/www.forummobil.ch\/fr\/portrait\/","name":"Forum Mobil \u2013 plateforme d\u2019information sur la t\u00e9l\u00e9phonie mobile en Suisse","isPartOf":{"@id":"https:\/\/www.forummobil.ch\/fr\/#website"},"datePublished":"2022-02-21T16:52:54+00:00","dateModified":"2022-03-17T12:16:06+00:00","description":"La plateforme d\u2019information Forum Mobil fournit des informations factuelles sur la t\u00e9l\u00e9phonie mobile en Suisse: des nouvelles normes \u00e0 l\u2019\u00e9tat actuel de la recherche.","breadcrumb":{"@id":"https:\/\/www.forummobil.ch\/fr\/portrait\/#breadcrumb"},"inLanguage":"fr-FR","potentialAction":[{"@type":"ReadAction","target":["https:\/\/www.forummobil.ch\/fr\/portrait\/"]}]},{"@type":"BreadcrumbList","@id":"https:\/\/www.forummobil.ch\/fr\/portrait\/#breadcrumb","itemListElement":[{"@type":"ListItem","position":1,"name":"Home","item":"https:\/\/www.forummobil.ch\/fr\/"},{"@type":"ListItem","position":2,"name":"Portrait"}]},{"@type":"WebSite","@id":"https:\/\/www.forummobil.ch\/fr\/#website","url":"https:\/\/www.forummobil.ch\/fr\/","name":"Forum Mobil","description":"Willkommen","potentialAction":[{"@type":"SearchAction","target":{"@type":"EntryPoint","urlTemplate":"https:\/\/www.forummobil.ch\/fr\/?s={search_term_string}"},"query-input":{"@type":"PropertyValueSpecification","valueRequired":true,"valueName":"search_term_string"}}],"inLanguage":"fr-FR"}]}},"_links":{"self":[{"href":"https:\/\/www.forummobil.ch\/fr\/wp-json\/wp\/v2\/pages\/1683","targetHints":{"allow":["GET"]}}],"collection":[{"href":"https:\/\/www.forummobil.ch\/fr\/wp-json\/wp\/v2\/pages"}],"about":[{"href":"https:\/\/www.forummobil.ch\/fr\/wp-json\/wp\/v2\/types\/page"}],"author":[{"embeddable":true,"href":"https:\/\/www.forummobil.ch\/fr\/wp-json\/wp\/v2\/users\/5"}],"replies":[{"embeddable":true,"href":"https:\/\/www.forummobil.ch\/fr\/wp-json\/wp\/v2\/comments?post=1683"}],"version-history":[{"count":5,"href":"https:\/\/www.forummobil.ch\/fr\/wp-json\/wp\/v2\/pages\/1683\/revisions"}],"predecessor-version":[{"id":1971,"href":"https:\/\/www.forummobil.ch\/fr\/wp-json\/wp\/v2\/pages\/1683\/revisions\/1971"}],"wp:attachment":[{"href":"https:\/\/www.forummobil.ch\/fr\/wp-json\/wp\/v2\/media?parent=1683"}],"curies":[{"name":"wp","href":"https:\/\/api.w.org\/{rel}","templated":true}]}}

<div class="wpb-content-wrapper"><p>[vc_row css= ».vc_custom_1646301265349{margin-top: 30px !important;margin-bottom: 30px !important;} »][vc_column][lab_heading title_tag= »H1&Prime; title= »Forum Mobil: la plate-forme d’information sur la téléphonie mobile en Suisse »][/lab_heading][/vc_column][/vc_row][vc_row css= ».vc_custom_1646299500812{margin-top: 30px !important;} »][vc_column width= »1/2&Prime;][vc_column_text]<strong>L’utilisation de services numériques est incontournable de nos jours et fait partie intégrante de notre quotidien. Elle est possible n’importe où grâce à la technologie de téléphonie mobile moderne. La plateforme d’information Forum Mobil fournit à toutes les personnes intéressées des informations factuelles.</strong></p>
<p>Que ce soit pour écouter de la musique en route, acheter un billet de train avec une appli de transports publics ou appeler gratuitement nos proches avec un service de messagerie en Suisse et à l’étranger, les services numériques sont aujourd’hui indispensables dans notre vie quotidienne.</p>
<p>Il y a quelques années encore, tout cela n’était pas possible. La technologie s’est développée à toute vitesse et, partant, la performance de nos réseaux mobiles. Ce développement n’est cependant pas encore achevé, nous sommes en plein milieu. L’utilisation est en constante augmentation et par là-même le volume de données. Pour que tout fonctionne demain aussi sans perturbations ni dérangements, il faut de nouvelles technologies mobiles capables de transmettre plus rapidement des quantités de données plus importantes.</p>
<p>Les grandes innovations s’accompagnent toujours d’incertitude et de discussions quant à la fiabilité et à la sûreté de nos technologies mobiles. La plateforme d’information Forum Mobil fournit des informations factuelles sur le thème de la téléphonie mobile pour que ces discussions puissent être fondées sur les faits.</p>
<p>Forum Mobil est une plateforme d’information de l’asut, l’Association Suisse des Télécommunications.[/vc_column_text][/vc_column][vc_column width= »1/2&Prime;][vc_single_image image= »1659&Prime; img_size= »large » alignment= »right »][/vc_column][/vc_row]</p>
</div>

<p>[vc_row css= ».vc_custom_1646301265349{margin-top: 30px !important;margin-bottom: 30px !important;} »][vc_column][lab_heading title_tag= »H1&Prime; title= »Forum Mobil: la plate-forme d’information sur la téléphonie mobile en Suisse »][/lab_heading][/vc_column][/vc_row][vc_row css= ».vc_custom_1646299500812{margin-top: 30px !important;} »][vc_column width= »1/2&Prime;][vc_column_text]L’utilisation de services numériques est incontournable de nos jours et fait partie intégrante de notre quotidien. Elle est possible n’importe où grâce à la technologie de téléphonie mobile moderne. La plateforme d’information Forum Mobil&hellip;</p>

<!-- This site is optimized with the Yoast SEO plugin v27.4 - https://yoast.com/product/yoast-seo-wordpress/ -->
<title>Forum Mobil – plateforme d’information sur la téléphonie mobile en Suisse</title>
<meta name="description" content="La plateforme d’information Forum Mobil fournit des informations factuelles sur la téléphonie mobile en Suisse: des nouvelles normes à l’état actuel de la recherche." />
<meta name="robots" content="index, follow, max-snippet:-1, max-image-preview:large, max-video-preview:-1" />
<link rel="canonical" href="https://www.forummobil.ch/fr/portrait/" />
<meta property="og:locale" content="fr_FR" />
<meta property="og:type" content="article" />
<meta property="og:title" content="Forum Mobil – plateforme d’information sur la téléphonie mobile en Suisse" />
<meta property="og:description" content="La plateforme d’information Forum Mobil fournit des informations factuelles sur la téléphonie mobile en Suisse: des nouvelles normes à l’état actuel de la recherche." />
<meta property="og:url" content="https://www.forummobil.ch/fr/portrait/" />
<meta property="og:site_name" content="Forum Mobil" />
<meta property="article:modified_time" content="2022-03-17T12:16:06+00:00" />
<meta name="twitter:card" content="summary_large_image" />
<meta name="twitter:label1" content="Durée de lecture estimée" />
	<meta name="twitter:data1" content="2 minutes" />
<script type="application/ld+json" class="yoast-schema-graph">{"@context":"https:\/\/schema.org","@graph":[{"@type":"WebPage","@id":"https:\/\/www.forummobil.ch\/fr\/portrait\/","url":"https:\/\/www.forummobil.ch\/fr\/portrait\/","name":"Forum Mobil – plateforme d’information sur la téléphonie mobile en Suisse","isPartOf":{"@id":"https:\/\/www.forummobil.ch\/fr\/#website"},"datePublished":"2022-02-21T16:52:54+00:00","dateModified":"2022-03-17T12:16:06+00:00","description":"La plateforme d’information Forum Mobil fournit des informations factuelles sur la téléphonie mobile en Suisse: des nouvelles normes à l’état actuel de la recherche.","breadcrumb":{"@id":"https:\/\/www.forummobil.ch\/fr\/portrait\/#breadcrumb"},"inLanguage":"fr-FR","potentialAction":[{"@type":"ReadAction","target":["https:\/\/www.forummobil.ch\/fr\/portrait\/"]}]},{"@type":"BreadcrumbList","@id":"https:\/\/www.forummobil.ch\/fr\/portrait\/#breadcrumb","itemListElement":[{"@type":"ListItem","position":1,"name":"Home","item":"https:\/\/www.forummobil.ch\/fr\/"},{"@type":"ListItem","position":2,"name":"Portrait"}]},{"@type":"WebSite","@id":"https:\/\/www.forummobil.ch\/fr\/#website","url":"https:\/\/www.forummobil.ch\/fr\/","name":"Forum Mobil","description":"Willkommen","potentialAction":[{"@type":"SearchAction","target":{"@type":"EntryPoint","urlTemplate":"https:\/\/www.forummobil.ch\/fr\/?s={search_term_string}"},"query-input":{"@type":"PropertyValueSpecification","valueRequired":true,"valueName":"search_term_string"}}],"inLanguage":"fr-FR"}]}</script>
<!-- / Yoast SEO plugin. -->

Forum Mobil – plateforme d’information sur la téléphonie mobile en Suisse

La plateforme d’information Forum Mobil fournit des informations factuelles sur la téléphonie mobile en Suisse: des nouvelles normes à l’état actuel de la recherche.
